hat is the greatest common factor of 20802670 and 560?
70
What is the greatest common divisor of 167649 and 40603817?
1927
Calculate the greatest common divisor of 24954436 and 130.
26
What is the highest common divisor of 23052 and 393873?
51
Calculate the highest common factor of 1469404 and 87050.
3482
What is the highest common divisor of 421263801 and 63?
63
What is the greatest common divisor of 513 and 82063204?
19
What is the greatest common factor of 12330750 and 90?
30
What is the highest common divisor of 1905 and 5732780?
635
Calculate the highest common divisor of 2720 and 2146250.
170
What is the highest common factor of 228410 and 161?
7
Calculate the highest common factor of 13493952 and 2740.
548
Calculate the highest common divisor of 24000 and 114126000.
6000
Calculate the greatest common divisor of 5271988 and 132784.
772
What is the highest common factor of 253643616 and 3192?
456
Calculate the greatest common divisor of 55692885 and 15.
15
Calculate the highest common divisor of 387356305 and 476.
119
What is the highest common factor of 24508061 and 2?
1
What is the greatest common factor of 1269695 and 630?
35
Calculate the greatest common divisor of 8673501 and 12.
3
Calculate the highest common factor of 2297 and 300932267.
2297
What is the greatest common factor of 12026 and 178752?
14
Calculate the greatest common divisor of 8967210 and 1890.
210
Calculate the greatest common factor of 1968543 and 122472.
243
Calculate the highest common factor of 55168 and 4954496.
128
Calculate the greatest common factor of 701 and 42046681.
701
Calculate the highest common factor of 185 and 840529.
37
Calculate the greatest common factor of 145 and 78601223.
29
What is the greatest common factor of 726127 and 5028?
419
What is the greatest common factor of 1497412 and 84?
28
Calculate the highest common divisor of 287792 and 432.
16
What is the highest common divisor of 5787380 and 2500?
20
What is the highest common factor of 57454 and 7472767?
1249
Calculate the highest common divisor of 1167065 and 1025.
205
Calculate the greatest common divisor of 3995928 and 684.
684
Calculate the highest common factor of 229194935 and 2108.
527
What is the highest common divisor of 604468 and 400303?
349
What is the greatest common factor of 411698 and 72520?
98
What is the greatest common factor of 461260360 and 9510?
3170
Calculate the highest common factor of 71035470 and 33275.
6655
What is the highest common factor of 19355 and 576240?
245
Calculate the greatest common divisor of 43 and 217439820.
43
Calculate the highest common factor of 12510 and 64073301.
417
What is the highest common factor of 17119 and 5399?
1
Calculate the highest common divisor of 483 and 11688327.
21
What is the greatest common divisor of 1314 and 265582322?
146
What is the greatest common divisor of 1833674 and 6?
2
What is the greatest common factor of 1389203 and 125829?
1271
Calculate the greatest common factor of 63066 and 4079970.
138
Calculate the greatest common factor of 5909839 and 1.
1
What is the highest common factor of 7072740 and 192?
12
Calculate the greatest common factor of 150744326 and 43.
43
What is the greatest common factor of 18309236 and 1672?
836
What is the greatest common factor of 2697541 and 1007?
53
Calculate the highest common divisor of 3713 and 41407.
47
What is the greatest common divisor of 2519580 and 138180?
2940
What is the greatest common divisor of 6039 and 933727?
61
Calculate the greatest common factor of 120714 and 10797.
177
What is the highest common divisor of 41789 and 7684853?
1441
Calculate the highest common factor of 8088 and 283116.
12
Calculate the greatest common divisor of 52 and 1558996.
4
What is the highest common factor of 136327536 and 24?
24
Calculate the highest common factor of 31636 and 400796.
44
Calculate the greatest common factor of 298729 and 1856.
29
Calculate the greatest common factor of 428974 and 4186.
182
What is the greatest common divisor of 160474713 and 17?
17
Calculate the greatest common factor of 2501 and 2431277.
61
Calculate the highest common divisor of 10 and 236078.
2
Calculate the greatest common divisor of 8190084 and 12.
12
Calculate the highest common factor of 120011627 and 139.
139
What is the greatest common factor of 2 and 6050600?
2
Calculate the greatest common divisor of 972279 and 124257.
1281
Calculate the highest common divisor of 467016 and 42003258.
4026
Calculate the highest common divisor of 57068 and 4070.
22
What is the greatest common divisor of 66483 and 41666?
83
Calculate the highest common factor of 64230 and 3187949.
2141
Calculate the greatest common factor of 230460465 and 2230.
1115
What is the highest common divisor of 5632902 and 12?
6
What is the highest common factor of 10414125 and 99?
9
Calculate the greatest common divisor of 57 and 744159.
3
Calculate the greatest common factor of 189840 and 405930.
210
What is the highest common factor of 3127 and 8031196?
53
What is the highest common factor of 24772815 and 61335?
1305
What is the highest common factor of 143 and 4023773?
13
What is the greatest common divisor of 22700471 and 90919?
1541
What is the greatest common factor of 1064060299 and 201?
67
Calculate the highest common factor of 403465890 and 1095.
1095
What is the greatest common factor of 25717011 and 341?
31
What is the greatest common divisor of 2676598 and 6?
2
Calculate the highest common factor of 24587 and 101913.
23
Calculate the greatest common factor of 80 and 18480392.
8
What is the greatest common factor of 32048069 and 635?
127
What is the highest common divisor of 31265514 and 8848?
1106
What is the highest common divisor of 790 and 239344641?
79
Calculate the greatest common divisor of 276 and 30540021.
69
Calculate the greatest common factor of 637416 and 117936.
2808
What is the highest common divisor of 973 and 90017095?
973
What is the highest common factor of 932 and 295139702?
466
Calculate the highest common divisor of 30608550 and 1185.
1185
Calculate the greatest common divisor of 56221 and 3062268.
209
Calculate the highest common factor of 623 and 189289205.
623
What is the highest common divisor of 23112 and 3533247?
2889
What is the highest common factor of 45014052 and 444?
444
Calculate the greatest common factor of 204 and 3321188.
68
What is the highest common factor of 471376 and 20944?
272
Calculate the highest common factor of 28 and 2770964.
28
What is the highest common divisor of 2360 and 53420?
20
Calculate the highest common divisor of 387723 and 333.
111
Calculate the highest common factor of 2090 and 182270.
110
Calculate the greatest common factor of 5002 and 5801336.
82
Calculate the highest common factor of 98 and 10955763.
49
Calculate the greatest common divisor of 10593721 and 68409.
691
Calculate the highest common factor of 1332666 and 53824.
58
What is the greatest common factor of 556 and 14690632?
556
What is the highest common factor of 23 and 28344395?
23
What is the greatest common divisor of 198 and 283662720?
198
What is the highest common factor of 21588328 and 32?
8
What is the highest common divisor of 355298 and 37760?
118
What is the greatest common divisor of 35000 and 1997400?
200
What is the greatest common factor of 159 and 17981151?
159
Calculate the greatest common divisor of 4582 and 2606.
2
Calculate the greatest common factor of 455 and 8000395.
65
What is the highest common factor of 9858173 and 8937?
331
What is the highest common divisor of 1335572 and 112?
28
What is the highest common divisor of 540 and 105477012?
108
What is the greatest common factor of 13026685 and 10108?
2527
Calculate the greatest common divisor of 4796171 and 55858.
2539
What is the highest common factor of 336 and 2424436?
28
Calculate the highest common factor of 79 and 1343714397.
79
Calculate the highest common factor of 291 and 441877971.
291
What is the highest common factor of 400 and 120740?
20
What is the greatest common divisor of 13128 and 906379?
547
Calculate the greatest common divisor of 785 and 423586.
157
What is the greatest common divisor of 32 and 6106772?
4
Calculate the highest common divisor of 4403 and 61226231.
629
What is the greatest common divisor